{"id":795,"date":"2016-09-27T07:15:54","date_gmt":"2016-09-27T07:15:54","guid":{"rendered":"http:\/\/www.tedejrt.hu\/?page_id=795"},"modified":"2026-05-11T07:06:03","modified_gmt":"2026-05-11T07:06:03","slug":"proteomill","status":"publish","type":"page","link":"https:\/\/www.tedejrt.hu\/?page_id=795","title":{"rendered":"Proteomill"},"content":{"rendered":"\n<figure class=\"wp-block-image size-large\"><img loading=\"lazy\" decoding=\"async\" width=\"1024\" height=\"396\" src=\"http:\/\/www.tedejrt.hu\/wp-content\/uploads\/proteomill-logo-szinatm-rgb-1024x396.jpg\" alt=\"\" class=\"wp-image-1100\" srcset=\"https:\/\/www.tedejrt.hu\/wp-content\/uploads\/proteomill-logo-szinatm-rgb-1024x396.jpg 1024w, https:\/\/www.tedejrt.hu\/wp-content\/uploads\/proteomill-logo-szinatm-rgb-300x116.jpg 300w, https:\/\/www.tedejrt.hu\/wp-content\/uploads\/proteomill-logo-szinatm-rgb-768x297.jpg 768w, https:\/\/www.tedejrt.hu\/wp-content\/uploads\/proteomill-logo-szinatm-rgb.jpg 1167w\" sizes=\"auto, (max-width: 1024px) 100vw, 1024px\" \/><figcaption class=\"wp-element-caption\"><br><\/figcaption><\/figure>\n\n\n\n<div class=\"wp-block-file\"><a id=\"wp-block-file--media-e07d89f2-7530-4bdd-aed1-3128a0ed79e7\" href=\"https:\/\/www.tedejrt.hu\/wp-content\/uploads\/proteomill-a-lucerna-plc-lehet-e-gazdasagos-versenytarsa-a-szojanak-1.pptx\">proteomill-a-lucerna-plc-lehet-e-gazdasagos-versenytarsa-a-szojanak-1<\/a><a href=\"https:\/\/www.tedejrt.hu\/wp-content\/uploads\/proteomill-a-lucerna-plc-lehet-e-gazdasagos-versenytarsa-a-szojanak-1.pptx\" class=\"wp-block-file__button wp-element-button\" download aria-describedby=\"wp-block-file--media-e07d89f2-7530-4bdd-aed1-3128a0ed79e7\">Let\u00f6lt\u00e9s<\/a><\/div>\n\n\n\n<div class=\"wp-block-file\"><a id=\"wp-block-file--media-372629bf-8342-42a1-be7f-b213495f8260\" href=\"https:\/\/www.tedejrt.hu\/wp-content\/uploads\/proteomill-a-proteomill-program-bemutatasa.pptx\">proteomill-a-proteomill-program-bemutatasa<\/a><a href=\"https:\/\/www.tedejrt.hu\/wp-content\/uploads\/proteomill-a-proteomill-program-bemutatasa.pptx\" class=\"wp-block-file__button wp-element-button\" download aria-describedby=\"wp-block-file--media-372629bf-8342-42a1-be7f-b213495f8260\">Let\u00f6lt\u00e9s<\/a><\/div>\n\n\n\n<div class=\"wp-block-file\"><a href=\"http:\/\/www.tedejrt.hu\/wp-content\/uploads\/proteomill-innoteka-tedejen-robban-a-zold-bomba.pdf\">Innot\u00e9ka &#8211; Tedejen robban a z\u00f6ld bomba<\/a><a href=\"http:\/\/www.tedejrt.hu\/wp-content\/uploads\/proteomill-innoteka-tedejen-robban-a-zold-bomba.pdf\" class=\"wp-block-file__button wp-element-button\" download>Let\u00f6lt\u00e9s<\/a><\/div>\n\n\n\n<div class=\"wp-block-file\"><a href=\"http:\/\/www.tedejrt.hu\/wp-content\/uploads\/proteomill-magyar-mezogazdasag-cikk-2018-marcius-21-28-31.pdf\">Magyar mez\u0151gazdas\u00e1g cikk &#8211; 2018. m\u00e1rcius 21. 28-31<\/a><a href=\"http:\/\/www.tedejrt.hu\/wp-content\/uploads\/proteomill-magyar-mezogazdasag-cikk-2018-marcius-21-28-31.pdf\" class=\"wp-block-file__button wp-element-button\" download>Let\u00f6lt\u00e9s<\/a><\/div>\n\n\n\n<div class=\"wp-block-file\"><a id=\"wp-block-file--media-e4c6873a-504e-450f-b594-0874f20f3e25\" href=\"https:\/\/www.tedejrt.hu\/wp-content\/uploads\/proteomill-sajtokozlemeny-kezdesre-tedej.docx\">proteomill-sajtokozlemeny-kezdesre-tedej<\/a><a href=\"https:\/\/www.tedejrt.hu\/wp-content\/uploads\/proteomill-sajtokozlemeny-kezdesre-tedej.docx\" class=\"wp-block-file__button wp-element-button\" download aria-describedby=\"wp-block-file--media-e4c6873a-504e-450f-b594-0874f20f3e25\">Let\u00f6lt\u00e9s<\/a><\/div>\n\n\n\n<div class=\"wp-block-file\"><a id=\"wp-block-file--media-f53f050e-dae3-46eb-a6c5-91d21ae18c9d\" href=\"https:\/\/www.tedejrt.hu\/wp-content\/uploads\/GINOP-2.2.1-15-2017-00051-_zaro_sk_jo.docx\">GINOP-2.2.1-15-2017-00051-_zaro_sk_jo<\/a><a href=\"https:\/\/www.tedejrt.hu\/wp-content\/uploads\/GINOP-2.2.1-15-2017-00051-_zaro_sk_jo.docx\" class=\"wp-block-file__button wp-element-button\" download aria-describedby=\"wp-block-file--media-f53f050e-dae3-46eb-a6c5-91d21ae18c9d\">Let\u00f6lt\u00e9s<\/a><\/div>\n\n\n\n<p><\/p>\n","protected":false},"excerpt":{"rendered":"","protected":false},"author":4,"featured_media":0,"parent":0,"menu_order":0,"comment_status":"closed","ping_status":"closed","template":"","meta":{"footnotes":""},"class_list":["post-795","page","type-page","status-publish","hentry"],"_links":{"self":[{"href":"https:\/\/www.tedejrt.hu\/index.php?rest_route=\/wp\/v2\/pages\/795","targetHints":{"allow":["GET"]}}],"collection":[{"href":"https:\/\/www.tedejrt.hu\/index.php?rest_route=\/wp\/v2\/pages"}],"about":[{"href":"https:\/\/www.tedejrt.hu\/index.php?rest_route=\/wp\/v2\/types\/page"}],"author":[{"embeddable":true,"href":"https:\/\/www.tedejrt.hu\/index.php?rest_route=\/wp\/v2\/users\/4"}],"replies":[{"embeddable":true,"href":"https:\/\/www.tedejrt.hu\/index.php?rest_route=%2Fwp%2Fv2%2Fcomments&post=795"}],"version-history":[{"count":25,"href":"https:\/\/www.tedejrt.hu\/index.php?rest_route=\/wp\/v2\/pages\/795\/revisions"}],"predecessor-version":[{"id":1259,"href":"https:\/\/www.tedejrt.hu\/index.php?rest_route=\/wp\/v2\/pages\/795\/revisions\/1259"}],"wp:attachment":[{"href":"https:\/\/www.tedejrt.hu\/index.php?rest_route=%2Fwp%2Fv2%2Fmedia&parent=795"}],"curies":[{"name":"wp","href":"https:\/\/api.w.org\/{rel}","templated":true}]}}