{"id":506,"date":"2012-02-29T13:46:35","date_gmt":"2012-02-29T13:46:35","guid":{"rendered":"http:\/\/www.tedejrt.hu\/?page_id=506"},"modified":"2021-07-14T08:54:32","modified_gmt":"2021-07-14T08:54:32","slug":"partnereink","status":"publish","type":"page","link":"https:\/\/www.tedejrt.hu\/?page_id=506","title":{"rendered":"Partnereink"},"content":{"rendered":"<p>KITE ZRT. N\u00e1dudvar<br \/>\nMagt\u00e1r Kft.<br \/>\nBAUER Hungaria Kft.<br \/>\nInvest Kft.<br \/>\nIKR Zrt.<br \/>\nSzatm\u00e1r Konzerv Kft.<br \/>\nSzabolcs Fruct Kft.<br \/>\nFruit-Garden Bt.<br \/>\nHavita T\u00c9SZ<br \/>\nViti-Fruct Kft.<\/p>\n<p>Pharmapolis Innovat\u00edv \u00c9lelmiszeripari Klaszter<br \/>\n\u00c9szak-Alf\u00f6ldi \u00c9lelmiszer-Innov\u00e1ci\u00f3s Klaszter<\/p>\n","protected":false},"excerpt":{"rendered":"<p>KITE ZRT. N\u00e1dudvar Magt\u00e1r Kft. BAUER Hungaria Kft. Invest Kft. IKR Zrt. Szatm\u00e1r Konzerv Kft. Szabolcs Fruct Kft. Fruit-Garden Bt. Havita T\u00c9SZ Viti-Fruct Kft. Pharmapolis Innovat\u00edv \u00c9lelmiszeripari Klaszter \u00c9szak-Alf\u00f6ldi \u00c9lelmiszer-Innov\u00e1ci\u00f3s Klaszter<\/p>\n","protected":false},"author":3,"featured_media":0,"parent":0,"menu_order":10,"comment_status":"closed","ping_status":"open","template":"","meta":{"footnotes":""},"class_list":["post-506","page","type-page","status-publish","hentry"],"_links":{"self":[{"href":"https:\/\/www.tedejrt.hu\/index.php?rest_route=\/wp\/v2\/pages\/506","targetHints":{"allow":["GET"]}}],"collection":[{"href":"https:\/\/www.tedejrt.hu\/index.php?rest_route=\/wp\/v2\/pages"}],"about":[{"href":"https:\/\/www.tedejrt.hu\/index.php?rest_route=\/wp\/v2\/types\/page"}],"author":[{"embeddable":true,"href":"https:\/\/www.tedejrt.hu\/index.php?rest_route=\/wp\/v2\/users\/3"}],"replies":[{"embeddable":true,"href":"https:\/\/www.tedejrt.hu\/index.php?rest_route=%2Fwp%2Fv2%2Fcomments&post=506"}],"version-history":[{"count":5,"href":"https:\/\/www.tedejrt.hu\/index.php?rest_route=\/wp\/v2\/pages\/506\/revisions"}],"predecessor-version":[{"id":587,"href":"https:\/\/www.tedejrt.hu\/index.php?rest_route=\/wp\/v2\/pages\/506\/revisions\/587"}],"wp:attachment":[{"href":"https:\/\/www.tedejrt.hu\/index.php?rest_route=%2Fwp%2Fv2%2Fmedia&parent=506"}],"curies":[{"name":"wp","href":"https:\/\/api.w.org\/{rel}","templated":true}]}}