{"id":450,"date":"2012-02-27T11:15:18","date_gmt":"2012-02-27T11:15:18","guid":{"rendered":"http:\/\/www.tedejrt.hu\/?page_id=450"},"modified":"2021-07-14T08:54:18","modified_gmt":"2021-07-14T08:54:18","slug":"hajduhat-gabonamag-kft","status":"publish","type":"page","link":"https:\/\/www.tedejrt.hu\/?page_id=450","title":{"rendered":"Hajd\u00fah\u00e1t Gabonamag Kft."},"content":{"rendered":"<p style=\"text-align: justify;\">A Hajd\u00fah\u00e1t Gabonamag Kereskedelmi Kft. gabonan\u00f6v\u00e9nyeket termel\u0151k egy\u00fcttm\u0171k\u00f6d\u00e9s\u00e9re szakosodott termel\u0151i csoport.<strong> <\/strong>A<strong> <\/strong>csoport<strong> <\/strong>Hajd\u00fan\u00e1n\u00e1s-Tedejen alakult, 2008. augusztus 01-\u00e9n ker\u00fclt bejegyz\u00e9sre 37 term\u00e9szetes \u00e9s jogi szem\u00e9ly r\u00e9szv\u00e9tel\u00e9vel, korl\u00e1tolt felel\u0151ss\u00e9g\u0171 gazdas\u00e1gi t\u00e1rsas\u00e1g form\u00e1j\u00e1ban. 2010. \u00e9vben a tagok sz\u00e1ma 40, melyb\u0151l 24 jogi \u00e9s 16 term\u00e9szetes szem\u00e9ly. A j\u00f6v\u0151ben c\u00e9lunk a tagok l\u00e9tsz\u00e1m\u00e1nak tov\u00e1bbi b\u0151v\u00edt\u00e9se.<\/p>\n<p style=\"text-align: justify;\">A t\u00e1rsas\u00e1g f\u0151tev\u00e9kenys\u00e9ge: Gabona nagykereskedelme.<\/p>\n<p style=\"text-align: justify;\">2010 \u00e9vben az eredm\u00e9ny-kimutat\u00e1s alapj\u00e1n a t\u00e1rsas\u00e1g bev\u00e9tele \u00f6sszesen 920.378 ezer Ft, melyb\u0151l 91,5% jogi szem\u00e9lyekt\u0151l sz\u00e1rmazik.<\/p>\n<p style=\"text-align: justify;\">A szervezet tagjai \u00f6sszess\u00e9g\u00e9ben nagy \u00e9s ter\u00fcleti adotts\u00e1gaib\u00f3l kifoly\u00f3lag j\u00f3 min\u0151s\u00e9g\u0171 f\u00f6ldter\u00fclettel rendelkeznek, melynek nagy r\u00e9sze b\u00e9relt, kisebb h\u00e1nyada saj\u00e1t ter\u00fclet. Folyamatosan a termel\u00e9si eredm\u00e9nyek n\u00f6vel\u00e9se, a hat\u00e9kony termel\u00e9s, a term\u00e9sbiztons\u00e1g n\u00f6vel\u00e9se c\u00e9lokat figyelembe v\u00e9ve a legkorszer\u0171bb termeszt\u00e9stechnol\u00f3gi\u00e1t alkalmazz\u00e1k. A tagjaink \u00f6sszes term\u0151ter\u00fclete 7.726,2 ha sz\u00e1nt\u00f3, melynek 98%-a b\u00e9relt ter\u00fclet. Ezen ter\u00fcleteken gabonaf\u00e9l\u00e9k mellett olajos- \u00e9s feh\u00e9rjen\u00f6v\u00e9nyeket, valamint egy\u00e9b ipari n\u00f6v\u00e9nyeket is termelnek. Ebb\u0151l a ter\u00fcletb\u0151l 2010 \u00e9vben, a gabonan\u00f6v\u00e9nyek ar\u00e1nya meghaladta az 50%-ot, az elk\u00f6vetkez\u0151 \u00e9vek tervei is hasonl\u00f3k\u00e9ppen alakulnak.<\/p>\n<p style=\"text-align: justify;\">2010 \u00e9v folyam\u00e1n a tagokt\u00f3l sz\u00e1rmaz\u00f3 forgalmazott gabonaterm\u00e9k mennyis\u00e9ge \u00f6sszesen 19.693,517 t, termel\u00e9si \u00e9rt\u00e9ke 849.041 e Ft. A term\u00e9smennyis\u00e9g n\u00f6v\u00e9nyenk\u00e9nti megoszl\u00e1sa a k\u00f6vetkez\u0151: b\u00faza 3.618,06 t, kukorica 16.075,457 t.<\/p>\n<p style=\"text-align: justify;\">A 2010 \u00e9vi tev\u00e9kenys\u00e9g\u00fcnkre jellemz\u0151, hogy nagy ter\u00fcleteken nem tudt\u00e1k a tagok betakar\u00edtani term\u00e9ny\u00fcket az id\u0151j\u00e1r\u00e1si anom\u00e1li\u00e1k, \u00e9s a kialakult belv\u00edzhelyzet miatt. Rem\u00e9nyeink szerint a k\u00f6vetkez\u0151 gazdas\u00e1gi \u00e9v kedvez\u0151bb term\u00e9seredm\u00e9nyeket hoz majd, emellett m\u00e9g jelent\u0151sebben el\u0151t\u00e9rbe ker\u00fcl majd a szervezetts\u00e9g \u00e9s koncentr\u00e1lts\u00e1g adta piaci el\u0151ny\u00fcnk.<\/p>\n","protected":false},"excerpt":{"rendered":"<p>A Hajd\u00fah\u00e1t Gabonamag Kereskedelmi Kft. gabonan\u00f6v\u00e9nyeket termel\u0151k egy\u00fcttm\u0171k\u00f6d\u00e9s\u00e9re szakosodott termel\u0151i csoport. A csoport Hajd\u00fan\u00e1n\u00e1s-Tedejen alakult, 2008. augusztus 01-\u00e9n ker\u00fclt bejegyz\u00e9sre 37 term\u00e9szetes \u00e9s jogi szem\u00e9ly r\u00e9szv\u00e9tel\u00e9vel, korl\u00e1tolt felel\u0151ss\u00e9g\u0171 gazdas\u00e1gi t\u00e1rsas\u00e1g form\u00e1j\u00e1ban. 2010. \u00e9vben a tagok sz\u00e1ma 40, melyb\u0151l 24 jogi \u00e9s 16 term\u00e9szetes szem\u00e9ly. A j\u00f6v\u0151ben c\u00e9lunk a tagok l\u00e9tsz\u00e1m\u00e1nak tov\u00e1bbi b\u0151v\u00edt\u00e9se. A t\u00e1rsas\u00e1g f\u0151tev\u00e9kenys\u00e9ge: [&hellip;]<\/p>\n","protected":false},"author":3,"featured_media":0,"parent":446,"menu_order":0,"comment_status":"closed","ping_status":"open","template":"","meta":{"footnotes":""},"class_list":["post-450","page","type-page","status-publish","hentry"],"_links":{"self":[{"href":"https:\/\/www.tedejrt.hu\/index.php?rest_route=\/wp\/v2\/pages\/450","targetHints":{"allow":["GET"]}}],"collection":[{"href":"https:\/\/www.tedejrt.hu\/index.php?rest_route=\/wp\/v2\/pages"}],"about":[{"href":"https:\/\/www.tedejrt.hu\/index.php?rest_route=\/wp\/v2\/types\/page"}],"author":[{"embeddable":true,"href":"https:\/\/www.tedejrt.hu\/index.php?rest_route=\/wp\/v2\/users\/3"}],"replies":[{"embeddable":true,"href":"https:\/\/www.tedejrt.hu\/index.php?rest_route=%2Fwp%2Fv2%2Fcomments&post=450"}],"version-history":[{"count":4,"href":"https:\/\/www.tedejrt.hu\/index.php?rest_route=\/wp\/v2\/pages\/450\/revisions"}],"predecessor-version":[{"id":1126,"href":"https:\/\/www.tedejrt.hu\/index.php?rest_route=\/wp\/v2\/pages\/450\/revisions\/1126"}],"up":[{"embeddable":true,"href":"https:\/\/www.tedejrt.hu\/index.php?rest_route=\/wp\/v2\/pages\/446"}],"wp:attachment":[{"href":"https:\/\/www.tedejrt.hu\/index.php?rest_route=%2Fwp%2Fv2%2Fmedia&parent=450"}],"curies":[{"name":"wp","href":"https:\/\/api.w.org\/{rel}","templated":true}]}}