{"id":148,"date":"2012-01-16T09:47:17","date_gmt":"2012-01-16T09:47:17","guid":{"rendered":"http:\/\/www.tedejrt.s16.webtar.hu\/?page_id=148"},"modified":"2021-07-14T13:03:08","modified_gmt":"2021-07-14T13:03:08","slug":"folyekony-mutragya-eloallitas","status":"publish","type":"page","link":"https:\/\/www.tedejrt.hu\/?page_id=148","title":{"rendered":"Foly\u00e9kony m\u0171tr\u00e1gya el\u0151\u00e1ll\u00edt\u00e1s"},"content":{"rendered":"<p style=\"text-align: justify;\"><a href=\"http:\/\/www.tedejrt.hu\/wp-content\/uploads\/image0011.jpg\"><img loading=\"lazy\" decoding=\"async\" class=\"wp-image-436 alignleft\" title=\"image001\" src=\"http:\/\/www.tedejrt.hu\/wp-content\/uploads\/image0011.jpg\" alt=\"\" width=\"315\" height=\"209\" srcset=\"https:\/\/www.tedejrt.hu\/wp-content\/uploads\/image0011.jpg 1024w, https:\/\/www.tedejrt.hu\/wp-content\/uploads\/image0011-300x200.jpg 300w\" sizes=\"auto, (max-width: 315px) 100vw, 315px\" \/><\/a>A foly\u00e9kony m\u0171tr\u00e1gya \u00fczem kapacit\u00e1sa 40.000 to\/\u00e9v. UAN oldat valamint N:P:K m\u0171tr\u00e1gya szuszpenzi\u00f3 el\u0151\u00e1ll\u00edt\u00e1sa. Jelent\u0151s szabadkapacit\u00e1ssal rendelkez\u00fcnk.<\/p>\n<p style=\"text-align: justify;\">A foly\u00e9kony m\u0171tr\u00e1gyaf\u00e9les\u00e9gek (mintegy 100 f\u00e9le v\u00e1laszt\u00e9k) mellett k\u00fcl\u00f6nf\u00e9le mono \u00e9s komplex szil\u00e1rd m\u0171tr\u00e1gy\u00e1kat is forgalmazunk, hazai \u00e9s k\u00fclf\u00f6ldi gy\u00e1rtm\u00e1nyokat.<\/p>\n<p style=\"text-align: justify;\">A foly\u00e9kony m\u0171tr\u00e1gy\u00e1z\u00e1s, a k\u00f6z\u00e9p \u00e9s nagy\u00fczemek leghat\u00e9konyabb t\u00e1panyag ut\u00e1np\u00f3tl\u00e1si m\u00f3dszere. Minden komponensb\u0151l az optim\u00e1lis mennyis\u00e9g ker\u00fcl ki egyenletes ter\u00edt\u00e9sben, el\u0151felt\u00e1rt form\u00e1ban. Minim\u00e1lis az \u00e9l\u0151munka ig\u00e9nye, k\u00f6rnyezetbar\u00e1t technol\u00f3gia (nincs sz\u00e1ll\u00edt\u00e1si, t\u00e1rol\u00e1si vesztes\u00e9g). Maga a m\u0171tr\u00e1gya nem dr\u00e1g\u00e1bb 1 kg hat\u00f3anyagra vet\u00edtve, mint a szil\u00e1rd komplex m\u0171tr\u00e1gy\u00e1k, a kisz\u00f3r\u00e1s k\u00f6lts\u00e9ge viszont csak a fele a szil\u00e1rd m\u0171tr\u00e1gy\u00e1\u00e9nak. A foly\u00e9kony \u00e9s szil\u00e1rd m\u0171tr\u00e1gy\u00e1k kisz\u00f3r\u00e1s\u00e1t is v\u00e9gezz\u00fck, itt 20.000 ha\/\u00e9v a kapacit\u00e1sunk.<\/p>\n<p><a href=\"http:\/\/www.tedejrt.hu\/wp-content\/uploads\/image0021.jpg\"><img loading=\"lazy\" decoding=\"async\" class=\"wp-image-437 alignleft\" title=\"image002\" src=\"http:\/\/www.tedejrt.hu\/wp-content\/uploads\/image0021.jpg\" alt=\"\" width=\"315\" height=\"209\" srcset=\"https:\/\/www.tedejrt.hu\/wp-content\/uploads\/image0021.jpg 1024w, https:\/\/www.tedejrt.hu\/wp-content\/uploads\/image0021-300x200.jpg 300w\" sizes=\"auto, (max-width: 315px) 100vw, 315px\" \/><\/a>A mikroelem tartalma sem elhanyagolhat\u00f3.<\/p>\n<p>A k\u00f6rny\u00e9k legeredm\u00e9nyesebben gazd\u00e1lkod\u00f3 k\u00f6z\u00e9p \u00e9s nagy\u00fczemei ezt haszn\u00e1lj\u00e1k. Nem ritka a 70-80 q\/ha b\u00faza, a 100-120 q\/ha kukorica, 100 q\/ha cukorhozam, 38-42 q\/ha forg\u00f3 stb.<\/p>\n<p>A m\u00f3dszer gazdas\u00e1goss\u00e1g\u00e1t fokozza, hogy a talajvizsg\u00e1lati eredm\u00e9nyek figyelembev\u00e9tel\u00e9vel \u00e1ll\u00edthat\u00f3 \u00f6ssze a t\u00e1pelem ar\u00e1ny, optimaliz\u00e1lva a k\u00f6lts\u00e9geket.<\/p>\n<p>Az el\u0151\u00e1ll\u00edtott m\u0171tr\u00e1gy\u00e1t els\u0151sorban a TEDEJ C\u00e9gcsoport tagjai haszn\u00e1lj\u00e1k, de partnereinknek is szolg\u00e1ltatunk, valamint ingyenes szaktan\u00e1csad\u00e1ssal is rendelkez\u00e9sre \u00e1llunk.<\/p>\n","protected":false},"excerpt":{"rendered":"<p>A foly\u00e9kony m\u0171tr\u00e1gya \u00fczem kapacit\u00e1sa 40.000 to\/\u00e9v. UAN oldat valamint N:P:K m\u0171tr\u00e1gya szuszpenzi\u00f3 el\u0151\u00e1ll\u00edt\u00e1sa. Jelent\u0151s szabadkapacit\u00e1ssal rendelkez\u00fcnk. A foly\u00e9kony m\u0171tr\u00e1gyaf\u00e9les\u00e9gek (mintegy 100 f\u00e9le v\u00e1laszt\u00e9k) mellett k\u00fcl\u00f6nf\u00e9le mono \u00e9s komplex szil\u00e1rd m\u0171tr\u00e1gy\u00e1kat is forgalmazunk, hazai \u00e9s k\u00fclf\u00f6ldi gy\u00e1rtm\u00e1nyokat. A foly\u00e9kony m\u0171tr\u00e1gy\u00e1z\u00e1s, a k\u00f6z\u00e9p \u00e9s nagy\u00fczemek leghat\u00e9konyabb t\u00e1panyag ut\u00e1np\u00f3tl\u00e1si m\u00f3dszere. Minden komponensb\u0151l az optim\u00e1lis mennyis\u00e9g ker\u00fcl ki [&hellip;]<\/p>\n","protected":false},"author":4,"featured_media":0,"parent":37,"menu_order":6,"comment_status":"closed","ping_status":"open","template":"","meta":{"footnotes":""},"class_list":["post-148","page","type-page","status-publish","hentry"],"_links":{"self":[{"href":"https:\/\/www.tedejrt.hu\/index.php?rest_route=\/wp\/v2\/pages\/148","targetHints":{"allow":["GET"]}}],"collection":[{"href":"https:\/\/www.tedejrt.hu\/index.php?rest_route=\/wp\/v2\/pages"}],"about":[{"href":"https:\/\/www.tedejrt.hu\/index.php?rest_route=\/wp\/v2\/types\/page"}],"author":[{"embeddable":true,"href":"https:\/\/www.tedejrt.hu\/index.php?rest_route=\/wp\/v2\/users\/4"}],"replies":[{"embeddable":true,"href":"https:\/\/www.tedejrt.hu\/index.php?rest_route=%2Fwp%2Fv2%2Fcomments&post=148"}],"version-history":[{"count":10,"href":"https:\/\/www.tedejrt.hu\/index.php?rest_route=\/wp\/v2\/pages\/148\/revisions"}],"predecessor-version":[{"id":1200,"href":"https:\/\/www.tedejrt.hu\/index.php?rest_route=\/wp\/v2\/pages\/148\/revisions\/1200"}],"up":[{"embeddable":true,"href":"https:\/\/www.tedejrt.hu\/index.php?rest_route=\/wp\/v2\/pages\/37"}],"wp:attachment":[{"href":"https:\/\/www.tedejrt.hu\/index.php?rest_route=%2Fwp%2Fv2%2Fmedia&parent=148"}],"curies":[{"name":"wp","href":"https:\/\/api.w.org\/{rel}","templated":true}]}}