{"id":146,"date":"2012-01-16T09:45:51","date_gmt":"2012-01-16T09:45:51","guid":{"rendered":"http:\/\/www.tedejrt.s16.webtar.hu\/?page_id=146"},"modified":"2021-07-14T13:00:57","modified_gmt":"2021-07-14T13:00:57","slug":"epitoipari-tevekenyseg","status":"publish","type":"page","link":"https:\/\/www.tedejrt.hu\/?page_id=146","title":{"rendered":"\u00c9p\u00edt\u0151ipari tev\u00e9kenys\u00e9g"},"content":{"rendered":"<p style=\"text-align: justify;\"><a href=\"http:\/\/www.tedejrt.hu\/wp-content\/uploads\/silo.jpg\"><img loading=\"lazy\" decoding=\"async\" class=\"wp-image-556 alignleft\" title=\"silo\" src=\"http:\/\/www.tedejrt.hu\/wp-content\/uploads\/silo.jpg\" alt=\"\" width=\"250\" height=\"187\" srcset=\"https:\/\/www.tedejrt.hu\/wp-content\/uploads\/silo.jpg 1024w, https:\/\/www.tedejrt.hu\/wp-content\/uploads\/silo-300x225.jpg 300w\" sizes=\"auto, (max-width: 250px) 100vw, 250px\" \/><\/a>A Tedej v\u00e1llalatcsoport tev\u00e9kenys\u00e9g\u00e9t folyamatosan, \u00e9s nagy\u00fctemben fejleszti. C\u00e9lunk, hogy az Eur\u00f3pai Uni\u00f3 r\u00e9gi tag\u00e1llamaiban gazd\u00e1lkod\u00f3k hat\u00e9kony termel\u00e9s\u00e9vel, j\u00f3 es\u00e9llyel vegy\u00fck fel a versenyt. Ez a c\u00e9lkit\u0171z\u00e9s nagyon sok \u00e9p\u00edt\u0151ipari munk\u00e1t ig\u00e9nyel. \u00c9vente t\u00f6bb sz\u00e1z milli\u00f3 forintot k\u00f6lt\u00fcnk az \u00e1llatteny\u00e9szt\u00e9s \u00e9s n\u00f6v\u00e9nytermeszt\u00e9s korszer\u0171s\u00edt\u00e9s\u00e9re.<br \/>\u00c9p\u00edt\u0151ipari kapacit\u00e1sunk f\u0151k\u00e9nt mez\u0151gazdas\u00e1gi l\u00e9tes\u00edtm\u00e9nyek gyors \u00e9s hat\u00e9kony kivitelez\u00e9s\u00e9re szolg\u00e1l. Nagyt\u00f6meg\u0171 beton munk\u00e1k v\u00e9gz\u00e9se,szabadt\u00e9ri \u00e9s fedett s\u00edk t\u00e1roz\u00f3k \u00e9p\u00edt\u00e9se ter\u00e9n, korszer\u0171 eszk\u00f6z\u00f6kkel rendelkez\u00fcnk. F\u00f6ldmunkag\u00e9pek teljes k\u00f6re, saj\u00e1t falzsalu k\u00e9szlet, vibr\u00e1torok, leh\u00faz\u00f3 gerend\u00e1k, k\u00e9zi \u00e9s r\u00e1\u00fcl\u0151s betonsim\u00edt\u00f3k, dilat\u00e1ci\u00f3 k\u00e9pz\u00e9s g\u00e9pei stb.<br \/>Elm\u00falt \u00e9vekben t\u00f6bb t\u00edzezer n\u00e9gyzetm\u00e9ter, sziv\u00e1rg\u00e1smentes t\u00e1mfalas t\u00e1roz\u00f3z \u00e9p\u00edtett\u00fcnk tr\u00e1gya- \u00e9s sil\u00f3terek form\u00e1j\u00e1ban.<\/p>\n<p style=\"text-align: justify;\">H\u00edgtr\u00e1gya t\u00e1rol\u00e1s\u00e1ra f\u00f6ldmedr\u0171 f\u00f3liabor\u00edt\u00e1s\u00fa medenc\u00e9ket l\u00e9tes\u00edtett\u00fcnk.<br \/>Hangs\u00falyos tev\u00e9kenys\u00e9g az \u00f6nt\u00f6z\u00e9sfejleszt\u00e9s, mely keret\u00e9ben megl\u00e9v\u0151 v\u00edzvezet\u0151 csatorn\u00e1kat, szivatty\u00fa telepet, f\u00f6ldalatti nyom\u00f3cs\u0151 h\u00e1l\u00f3zatot \u00faj\u00edtunk fel \u00e9s \u00faj szakaszokat l\u00e9tes\u00edt\u00fcnk.<br \/>Sert\u00e9stelep\u00fcnket \u00faj lagun\u00e1s ist\u00e1ll\u00f3kkal b\u0151v\u00edtj\u00fck \u00e9s megl\u00e9v\u0151 \u00e9p\u00fcleteket teljes k\u00f6r\u0171en \u00faj\u00edtunk fel.<\/p>\n<p style=\"text-align: justify;\">Elm\u00falt \u00e9vekben t\u00f6bb km bels\u0151 szil\u00e1rdburkolat\u00fa utat \u00faj\u00edtottunk fel vagy l\u00e9tes\u00edtett\u00fcnk.<br \/>R\u00e9szv\u00e9nyt\u00e1rsas\u00e1gunk jelent\u0151s f\u00f6ldmunkag\u00e9p kapacit\u00e1ssal rendelkezik. Speci\u00e1lis, nagy kiny\u00fal\u00e1s\u00fa kotr\u00f3g\u00e9peink m\u00e9ly csatorn\u00e1k \u00e1s\u00e1s\u00e1ra, \u00e9s magas halmok \u00f6sszerak\u00e1s\u00e1ra dep\u00f3ni\u00e1k kialak\u00edt\u00e1s\u00e1ra is kit\u0171n\u0151en alkalmazhat\u00f3ak alkalmazhat\u00f3k.<\/p>\n\n\n<figure class=\"wp-block-gallery columns-2 is-cropped wp-block-gallery-1 is-layout-flex wp-block-gallery-is-layout-flex\"><ul class=\"blocks-gallery-grid\"><li class=\"blocks-gallery-item\"><figure><img loading=\"lazy\" decoding=\"async\" width=\"1024\" height=\"768\" src=\"http:\/\/www.tedejrt.hu\/wp-content\/uploads\/lovarda2.jpg\" alt=\"\" data-id=\"558\" data-full-url=\"http:\/\/www.tedejrt.hu\/wp-content\/uploads\/lovarda2.jpg\" data-link=\"http:\/\/www.tedejrt.hu\/tevekenysegeink\/epitoipari-tevekenyseg\/lovarda2\/\" class=\"wp-image-558\" srcset=\"https:\/\/www.tedejrt.hu\/wp-content\/uploads\/lovarda2.jpg 1024w, https:\/\/www.tedejrt.hu\/wp-content\/uploads\/lovarda2-300x225.jpg 300w\" sizes=\"auto, (max-width: 1024px) 100vw, 1024px\" \/><\/figure><\/li><li class=\"blocks-gallery-item\"><figure><img loading=\"lazy\" decoding=\"async\" width=\"1024\" height=\"768\" src=\"http:\/\/www.tedejrt.hu\/wp-content\/uploads\/sertestelep.jpg\" alt=\"\" data-id=\"557\" data-full-url=\"http:\/\/www.tedejrt.hu\/wp-content\/uploads\/sertestelep.jpg\" data-link=\"http:\/\/www.tedejrt.hu\/tevekenysegeink\/epitoipari-tevekenyseg\/sertestelep\/\" class=\"wp-image-557\" srcset=\"https:\/\/www.tedejrt.hu\/wp-content\/uploads\/sertestelep.jpg 1024w, https:\/\/www.tedejrt.hu\/wp-content\/uploads\/sertestelep-300x225.jpg 300w\" sizes=\"auto, (max-width: 1024px) 100vw, 1024px\" \/><\/figure><\/li><\/ul><\/figure>\n\n\n\n<p><\/p>\n","protected":false},"excerpt":{"rendered":"<p>A Tedej v\u00e1llalatcsoport tev\u00e9kenys\u00e9g\u00e9t folyamatosan, \u00e9s nagy\u00fctemben fejleszti. C\u00e9lunk, hogy az Eur\u00f3pai Uni\u00f3 r\u00e9gi tag\u00e1llamaiban gazd\u00e1lkod\u00f3k hat\u00e9kony termel\u00e9s\u00e9vel, j\u00f3 es\u00e9llyel vegy\u00fck fel a versenyt. Ez a c\u00e9lkit\u0171z\u00e9s nagyon sok \u00e9p\u00edt\u0151ipari munk\u00e1t ig\u00e9nyel. \u00c9vente t\u00f6bb sz\u00e1z milli\u00f3 forintot k\u00f6lt\u00fcnk az \u00e1llatteny\u00e9szt\u00e9s \u00e9s n\u00f6v\u00e9nytermeszt\u00e9s korszer\u0171s\u00edt\u00e9s\u00e9re.\u00c9p\u00edt\u0151ipari kapacit\u00e1sunk f\u0151k\u00e9nt mez\u0151gazdas\u00e1gi l\u00e9tes\u00edtm\u00e9nyek gyors \u00e9s hat\u00e9kony kivitelez\u00e9s\u00e9re szolg\u00e1l. Nagyt\u00f6meg\u0171 beton munk\u00e1k [&hellip;]<\/p>\n","protected":false},"author":4,"featured_media":0,"parent":37,"menu_order":5,"comment_status":"closed","ping_status":"open","template":"","meta":{"footnotes":""},"class_list":["post-146","page","type-page","status-publish","hentry"],"_links":{"self":[{"href":"https:\/\/www.tedejrt.hu\/index.php?rest_route=\/wp\/v2\/pages\/146","targetHints":{"allow":["GET"]}}],"collection":[{"href":"https:\/\/www.tedejrt.hu\/index.php?rest_route=\/wp\/v2\/pages"}],"about":[{"href":"https:\/\/www.tedejrt.hu\/index.php?rest_route=\/wp\/v2\/types\/page"}],"author":[{"embeddable":true,"href":"https:\/\/www.tedejrt.hu\/index.php?rest_route=\/wp\/v2\/users\/4"}],"replies":[{"embeddable":true,"href":"https:\/\/www.tedejrt.hu\/index.php?rest_route=%2Fwp%2Fv2%2Fcomments&post=146"}],"version-history":[{"count":9,"href":"https:\/\/www.tedejrt.hu\/index.php?rest_route=\/wp\/v2\/pages\/146\/revisions"}],"predecessor-version":[{"id":1197,"href":"https:\/\/www.tedejrt.hu\/index.php?rest_route=\/wp\/v2\/pages\/146\/revisions\/1197"}],"up":[{"embeddable":true,"href":"https:\/\/www.tedejrt.hu\/index.php?rest_route=\/wp\/v2\/pages\/37"}],"wp:attachment":[{"href":"https:\/\/www.tedejrt.hu\/index.php?rest_route=%2Fwp%2Fv2%2Fmedia&parent=146"}],"curies":[{"name":"wp","href":"https:\/\/api.w.org\/{rel}","templated":true}]}}