{"id":1221,"date":"2021-11-24T08:25:45","date_gmt":"2021-11-24T08:25:45","guid":{"rendered":"http:\/\/www.tedejrt.hu\/?page_id=1221"},"modified":"2026-05-11T09:04:20","modified_gmt":"2026-05-11T09:04:20","slug":"vissza-nem-teritendo-tamogatas-a-tedej-zrt-sertes-es-szarvasmarha-telep-fejlesztesehez","status":"publish","type":"page","link":"https:\/\/www.tedejrt.hu\/?page_id=1221","title":{"rendered":"Vissza nem t\u00e9r\u00edtend\u0151 t\u00e1mogat\u00e1s a Tedej Zrt. Sert\u00e9s \u00e9s szarvasmarha telep fejleszt\u00e9s\u00e9hez"},"content":{"rendered":"\n<div class=\"wp-block-file\"><a id=\"wp-block-file--media-37c22ff5-12e0-46fd-8a72-9f5a76f8ccc0\" href=\"https:\/\/www.tedejrt.hu\/wp-content\/uploads\/vissza_nem_teritendo_tamogatas_a_tedej_zrt_sertes_es_szarvasmarha_telep_fejlesztesehez.docx\">vissza_nem_teritendo_tamogatas_a_tedej_zrt_sertes_es_szarvasmarha_telep_fejlesztesehez<\/a><a href=\"https:\/\/www.tedejrt.hu\/wp-content\/uploads\/vissza_nem_teritendo_tamogatas_a_tedej_zrt_sertes_es_szarvasmarha_telep_fejlesztesehez.docx\" class=\"wp-block-file__button wp-element-button\" download aria-describedby=\"wp-block-file--media-37c22ff5-12e0-46fd-8a72-9f5a76f8ccc0\">Download<\/a><\/div>\n\n\n\n<p><\/p>\n","protected":false},"excerpt":{"rendered":"","protected":false},"author":4,"featured_media":0,"parent":868,"menu_order":0,"comment_status":"closed","ping_status":"closed","template":"","meta":{"footnotes":""},"class_list":["post-1221","page","type-page","status-publish","hentry"],"_links":{"self":[{"href":"https:\/\/www.tedejrt.hu\/index.php?rest_route=\/wp\/v2\/pages\/1221","targetHints":{"allow":["GET"]}}],"collection":[{"href":"https:\/\/www.tedejrt.hu\/index.php?rest_route=\/wp\/v2\/pages"}],"about":[{"href":"https:\/\/www.tedejrt.hu\/index.php?rest_route=\/wp\/v2\/types\/page"}],"author":[{"embeddable":true,"href":"https:\/\/www.tedejrt.hu\/index.php?rest_route=\/wp\/v2\/users\/4"}],"replies":[{"embeddable":true,"href":"https:\/\/www.tedejrt.hu\/index.php?rest_route=%2Fwp%2Fv2%2Fcomments&post=1221"}],"version-history":[{"count":2,"href":"https:\/\/www.tedejrt.hu\/index.php?rest_route=\/wp\/v2\/pages\/1221\/revisions"}],"predecessor-version":[{"id":1266,"href":"https:\/\/www.tedejrt.hu\/index.php?rest_route=\/wp\/v2\/pages\/1221\/revisions\/1266"}],"up":[{"embeddable":true,"href":"https:\/\/www.tedejrt.hu\/index.php?rest_route=\/wp\/v2\/pages\/868"}],"wp:attachment":[{"href":"https:\/\/www.tedejrt.hu\/index.php?rest_route=%2Fwp%2Fv2%2Fmedia&parent=1221"}],"curies":[{"name":"wp","href":"https:\/\/api.w.org\/{rel}","templated":true}]}}